{"id":7937,"date":"2023-08-31T07:09:34","date_gmt":"2023-08-31T07:09:34","guid":{"rendered":"https:\/\/alpenresorts-ladis.at\/imprint\/"},"modified":"2025-03-21T08:30:21","modified_gmt":"2025-03-21T08:30:21","slug":"imprint","status":"publish","type":"page","link":"https:\/\/alpenresorts-ladis.at\/en\/imprint\/","title":{"rendered":"Imprint"},"content":{"rendered":"\t\t<div data-elementor-type=\"wp-page\" data-elementor-id=\"7937\" class=\"elementor elementor-7937 elementor-20\" data-elementor-post-type=\"page\">\n\t\t\t\t<div class=\"elementor-element elementor-element-21f6fbe e-flex e-con-boxed e-con e-parent\" data-id=\"21f6fbe\" data-element_type=\"container\" data-e-type=\"container\">\n\t\t\t\t\t<div class=\"e-con-inner\">\n\t\t\t\t<div class=\"elementor-element elementor-element-a28ed3f elementor-widget elementor-widget-heading\" data-id=\"a28ed3f\" data-element_type=\"widget\" data-e-type=\"widget\" data-widget_type=\"heading.default\">\n\t\t\t\t<div class=\"elementor-widget-container\">\n\t\t\t\t\t<h2 class=\"elementor-heading-title elementor-size-default\">Imprint<\/h2>\t\t\t\t<\/div>\n\t\t\t\t<\/div>\n\t\t\t\t<div class=\"elementor-element elementor-element-0393fb6 elementor-widget elementor-widget-text-editor\" data-id=\"0393fb6\" data-element_type=\"widget\" data-e-type=\"widget\" data-widget_type=\"text-editor.default\">\n\t\t\t\t<div class=\"elementor-widget-container\">\n\t\t\t\t\t\t\t\t\t<p><strong>Owner &amp; operator of the website:<\/strong><\/p>\n<p>R\u00d6CK GMBH<br \/>\nFamilie Alexander R\u00f6ck<br \/>\nDorfstra\u00dfe 29<br \/>\n6532 Ladis<br \/>\n\u00d6sterreich<\/p>\n<p>T:\u00a0<a title=\"Call +43 5472 6462 via 3CX\" href=\"tel:+43 5472 6462\" target=\"_blank\" rel=\"noopener\">+43 5472-6462<\/a><br \/>\nM:\u00a0<a title=\"info@alpenresorts-ladis.at\" href=\"mailto:info@alpenresorts-ladis.at\">info@alpenresorts-ladis.at<\/a><\/p>\n<p>Number of commercial register: FN 491385 a<\/p>\n<p>VAT Reg. No: ATU73394105<\/p>\n<p><strong>Design, programming &amp; hosting:<\/strong><\/p>\n<p>Huber Web Media GmbH<\/p>\n<p>Mils Au 70<br \/>\n6493 Mils bei Imst<br \/>\nTyrol \u2013 Austria<\/p>\n<p>Tel.: 0043 650 4488663<br \/>\nMail: <a href=\"mailto:info@huberwebmedia.at\">info@huberwebmedia.at<\/a><br \/>\nWeb: <a href=\"http:\/\/www.huberwebmedia.at\">www.huberwebmedia.at<\/a><br \/>\nUID: ATU 77423049<\/p>\n<p><strong>Liability:<\/strong><\/p>\n<p>All contents have been examined carefully, however no guarantee can be made regarding accuracy, completeness, and topicality. Liabilities caused by the use or misuse of the information offered, or by the use of incorrect and incomplete information, are strictly excluded.<\/p>\n<p><strong>Liability for links:<\/strong><\/p>\n<p>Our website contains links to external, third-party websites for which our organisation is not responsible. We have no influence on the content of these websites, but the operating companies of these sites are exclusively responsible. No unlawful contents were in evidence at the time the links were created.<\/p>\n<p><strong>Image rights:<\/strong><\/p>\n<p>The images which appear on this website are protected by copyright and are non-binding.<\/p>\n<p>\u00a9 Huber Web Media, \u00a9Martin Lugger; \u00a9 Andreas Kirschner; \u00a9 Daniel Zangerl; \u00a9 Christian Waldegger; \u00a9 Studioelf Kreativagentur; \u00a9 TVB Serfaus-Fiss-Ladis, \u00a9 www.foto-mueller-com, www.segway-fiss.at, Sepp Mallaun, www.lightwalk.de, www.artinaction.de, www.christianwaldegger.com; \u00a9 Andreas Schalber; Adobe Stock\u2013 all rights reserved.<\/p>\n<p><strong>Copyright:<\/strong><\/p>\n<p>All texts, graphics and images are protected by copyright and may not be used unless prior permission has been obtained from the owner.<\/p>\n<p><strong>Purpose of the website:<\/strong><\/p>\n<p>This website serves to inform the user about goods and services of our organisation.<\/p>\n\t\t\t\t\t\t\t\t<\/div>\n\t\t\t\t<\/div>\n\t\t\t\t\t<\/div>\n\t\t\t\t<\/div>\n\t\t\t\t<\/div>\n\t\t","protected":false},"excerpt":{"rendered":"<p>Imprint Owner &amp; operator of the website: R\u00d6CK GMBH Familie Alexander R\u00f6ck Dorfstra\u00dfe 29 6532 Ladis \u00d6sterreich T:\u00a0+43 5472-6462 M:\u00a0info@alpenresorts-ladis.at Number of commercial register: FN 491385 a VAT Reg. No: ATU73394105 Design, programming &amp; hosting: Huber Web Media GmbH Mils Au 70 6493 Mils bei Imst Tyrol \u2013 Austria Tel.: 0043 650 4488663 Mail: info@huberwebmedia.at [&hellip;]<\/p>\n","protected":false},"author":6,"featured_media":0,"parent":0,"menu_order":21,"comment_status":"closed","ping_status":"closed","template":"","meta":{"_acf_changed":false,"footnotes":""},"class_list":["post-7937","page","type-page","status-publish","hentry"],"yoast_head":"<!-- This site is optimized with the Yoast SEO Premium plugin v22.3 (Yoast SEO v27.4) - https:\/\/yoast.com\/product\/yoast-seo-premium-wordpress\/ -->\n<title>Imprint - Alpenresorts Ladis<\/title>\n<meta name=\"robots\" content=\"noindex, follow\" \/>\n<meta property=\"og:locale\" content=\"en_US\" \/>\n<meta property=\"og:type\" content=\"article\" \/>\n<meta property=\"og:title\" content=\"Imprint\" \/>\n<meta property=\"og:description\" content=\"Imprint Owner &amp; operator of the website: R\u00d6CK GMBH Familie Alexander R\u00f6ck Dorfstra\u00dfe 29 6532 Ladis \u00d6sterreich T:\u00a0+43 5472-6462 M:\u00a0info@alpenresorts-ladis.at Number of commercial register: FN 491385 a VAT Reg. No: ATU73394105 Design, programming &amp; hosting: Huber Web Media GmbH Mils Au 70 6493 Mils bei Imst Tyrol \u2013 Austria Tel.: 0043 650 4488663 Mail: info@huberwebmedia.at [&hellip;]\" \/>\n<meta property=\"og:url\" content=\"https:\/\/alpenresorts-ladis.at\/impressum\/\" \/>\n<meta property=\"og:site_name\" content=\"Alpenresorts Ladis\" \/>\n<meta property=\"article:modified_time\" content=\"2025-03-21T08:30:21+00:00\" \/>\n<meta name=\"twitter:card\" content=\"summary_large_image\" \/>\n<meta name=\"twitter:label1\" content=\"Est. reading time\" \/>\n\t<meta name=\"twitter:data1\" content=\"1 minute\" \/>\n<script type=\"application\/ld+json\" class=\"yoast-schema-graph\">{\"@context\":\"https:\\\/\\\/schema.org\",\"@graph\":[{\"@type\":\"WebPage\",\"@id\":\"https:\\\/\\\/alpenresorts-ladis.at\\\/impressum\\\/\",\"url\":\"https:\\\/\\\/alpenresorts-ladis.at\\\/impressum\\\/\",\"name\":\"Imprint - Alpenresorts Ladis\",\"isPartOf\":{\"@id\":\"https:\\\/\\\/alpenresorts-ladis.at\\\/#website\"},\"datePublished\":\"2023-08-31T07:09:34+00:00\",\"dateModified\":\"2025-03-21T08:30:21+00:00\",\"breadcrumb\":{\"@id\":\"https:\\\/\\\/alpenresorts-ladis.at\\\/impressum\\\/#breadcrumb\"},\"inLanguage\":\"en-US\",\"potentialAction\":[{\"@type\":\"ReadAction\",\"target\":[\"https:\\\/\\\/alpenresorts-ladis.at\\\/impressum\\\/\"]}]},{\"@type\":\"BreadcrumbList\",\"@id\":\"https:\\\/\\\/alpenresorts-ladis.at\\\/impressum\\\/#breadcrumb\",\"itemListElement\":[{\"@type\":\"ListItem\",\"position\":1,\"name\":\"Startseite\",\"item\":\"https:\\\/\\\/alpenresorts-ladis.at\\\/\"},{\"@type\":\"ListItem\",\"position\":2,\"name\":\"Imprint\"}]},{\"@type\":\"WebSite\",\"@id\":\"https:\\\/\\\/alpenresorts-ladis.at\\\/#website\",\"url\":\"https:\\\/\\\/alpenresorts-ladis.at\\\/\",\"name\":\"Alpenresorts Ladis\",\"description\":\"Deine Unterk\u00fcnfte in Ladis\",\"publisher\":{\"@id\":\"https:\\\/\\\/alpenresorts-ladis.at\\\/#organization\"},\"potentialAction\":[{\"@type\":\"SearchAction\",\"target\":{\"@type\":\"EntryPoint\",\"urlTemplate\":\"https:\\\/\\\/alpenresorts-ladis.at\\\/?s={search_term_string}\"},\"query-input\":{\"@type\":\"PropertyValueSpecification\",\"valueRequired\":true,\"valueName\":\"search_term_string\"}}],\"inLanguage\":\"en-US\"},{\"@type\":\"Organization\",\"@id\":\"https:\\\/\\\/alpenresorts-ladis.at\\\/#organization\",\"name\":\"Alpenresorts Ladis\",\"url\":\"https:\\\/\\\/alpenresorts-ladis.at\\\/\",\"logo\":{\"@type\":\"ImageObject\",\"inLanguage\":\"en-US\",\"@id\":\"https:\\\/\\\/alpenresorts-ladis.at\\\/#\\\/schema\\\/logo\\\/image\\\/\",\"url\":\"https:\\\/\\\/alpenresorts-ladis.at\\\/wp-content\\\/uploads\\\/2023\\\/08\\\/Logos_Alpenresorts-Ladis_2023_RGB.png\",\"contentUrl\":\"https:\\\/\\\/alpenresorts-ladis.at\\\/wp-content\\\/uploads\\\/2023\\\/08\\\/Logos_Alpenresorts-Ladis_2023_RGB.png\",\"width\":400,\"height\":400,\"caption\":\"Alpenresorts Ladis\"},\"image\":{\"@id\":\"https:\\\/\\\/alpenresorts-ladis.at\\\/#\\\/schema\\\/logo\\\/image\\\/\"}}]}<\/script>\n<!-- \/ Yoast SEO Premium plugin. -->","yoast_head_json":{"title":"Imprint - Alpenresorts Ladis","robots":{"index":"noindex","follow":"follow"},"og_locale":"en_US","og_type":"article","og_title":"Imprint","og_description":"Imprint Owner &amp; operator of the website: R\u00d6CK GMBH Familie Alexander R\u00f6ck Dorfstra\u00dfe 29 6532 Ladis \u00d6sterreich T:\u00a0+43 5472-6462 M:\u00a0info@alpenresorts-ladis.at Number of commercial register: FN 491385 a VAT Reg. No: ATU73394105 Design, programming &amp; hosting: Huber Web Media GmbH Mils Au 70 6493 Mils bei Imst Tyrol \u2013 Austria Tel.: 0043 650 4488663 Mail: info@huberwebmedia.at [&hellip;]","og_url":"https:\/\/alpenresorts-ladis.at\/impressum\/","og_site_name":"Alpenresorts Ladis","article_modified_time":"2025-03-21T08:30:21+00:00","twitter_card":"summary_large_image","twitter_misc":{"Est. reading time":"1 minute"},"schema":{"@context":"https:\/\/schema.org","@graph":[{"@type":"WebPage","@id":"https:\/\/alpenresorts-ladis.at\/impressum\/","url":"https:\/\/alpenresorts-ladis.at\/impressum\/","name":"Imprint - Alpenresorts Ladis","isPartOf":{"@id":"https:\/\/alpenresorts-ladis.at\/#website"},"datePublished":"2023-08-31T07:09:34+00:00","dateModified":"2025-03-21T08:30:21+00:00","breadcrumb":{"@id":"https:\/\/alpenresorts-ladis.at\/impressum\/#breadcrumb"},"inLanguage":"en-US","potentialAction":[{"@type":"ReadAction","target":["https:\/\/alpenresorts-ladis.at\/impressum\/"]}]},{"@type":"BreadcrumbList","@id":"https:\/\/alpenresorts-ladis.at\/impressum\/#breadcrumb","itemListElement":[{"@type":"ListItem","position":1,"name":"Startseite","item":"https:\/\/alpenresorts-ladis.at\/"},{"@type":"ListItem","position":2,"name":"Imprint"}]},{"@type":"WebSite","@id":"https:\/\/alpenresorts-ladis.at\/#website","url":"https:\/\/alpenresorts-ladis.at\/","name":"Alpenresorts Ladis","description":"Deine Unterk\u00fcnfte in Ladis","publisher":{"@id":"https:\/\/alpenresorts-ladis.at\/#organization"},"potentialAction":[{"@type":"SearchAction","target":{"@type":"EntryPoint","urlTemplate":"https:\/\/alpenresorts-ladis.at\/?s={search_term_string}"},"query-input":{"@type":"PropertyValueSpecification","valueRequired":true,"valueName":"search_term_string"}}],"inLanguage":"en-US"},{"@type":"Organization","@id":"https:\/\/alpenresorts-ladis.at\/#organization","name":"Alpenresorts Ladis","url":"https:\/\/alpenresorts-ladis.at\/","logo":{"@type":"ImageObject","inLanguage":"en-US","@id":"https:\/\/alpenresorts-ladis.at\/#\/schema\/logo\/image\/","url":"https:\/\/alpenresorts-ladis.at\/wp-content\/uploads\/2023\/08\/Logos_Alpenresorts-Ladis_2023_RGB.png","contentUrl":"https:\/\/alpenresorts-ladis.at\/wp-content\/uploads\/2023\/08\/Logos_Alpenresorts-Ladis_2023_RGB.png","width":400,"height":400,"caption":"Alpenresorts Ladis"},"image":{"@id":"https:\/\/alpenresorts-ladis.at\/#\/schema\/logo\/image\/"}}]}},"acf":[],"_links":{"self":[{"href":"https:\/\/alpenresorts-ladis.at\/en\/wp-json\/wp\/v2\/pages\/7937","targetHints":{"allow":["GET"]}}],"collection":[{"href":"https:\/\/alpenresorts-ladis.at\/en\/wp-json\/wp\/v2\/pages"}],"about":[{"href":"https:\/\/alpenresorts-ladis.at\/en\/wp-json\/wp\/v2\/types\/page"}],"author":[{"embeddable":true,"href":"https:\/\/alpenresorts-ladis.at\/en\/wp-json\/wp\/v2\/users\/6"}],"replies":[{"embeddable":true,"href":"https:\/\/alpenresorts-ladis.at\/en\/wp-json\/wp\/v2\/comments?post=7937"}],"version-history":[{"count":3,"href":"https:\/\/alpenresorts-ladis.at\/en\/wp-json\/wp\/v2\/pages\/7937\/revisions"}],"predecessor-version":[{"id":11214,"href":"https:\/\/alpenresorts-ladis.at\/en\/wp-json\/wp\/v2\/pages\/7937\/revisions\/11214"}],"wp:attachment":[{"href":"https:\/\/alpenresorts-ladis.at\/en\/wp-json\/wp\/v2\/media?parent=7937"}],"curies":[{"name":"wp","href":"https:\/\/api.w.org\/{rel}","templated":true}]}}

<div data-elementor-type="wp-page" data-elementor-id="7937" class="elementor elementor-7937 elementor-20" data-elementor-post-type="page">
				<div class="elementor-element elementor-element-21f6fbe e-flex e-con-boxed e-con e-parent" data-id="21f6fbe" data-element_type="container" data-e-type="container">
					<div class="e-con-inner">
				<div class="elementor-element elementor-element-a28ed3f elementor-widget elementor-widget-heading" data-id="a28ed3f" data-element_type="widget" data-e-type="widget" data-widget_type="heading.default">
				<div class="elementor-widget-container">
					<h2 class="elementor-heading-title elementor-size-default">Imprint</h2>				</div>
				</div>
				<div class="elementor-element elementor-element-0393fb6 elementor-widget elementor-widget-text-editor" data-id="0393fb6" data-element_type="widget" data-e-type="widget" data-widget_type="text-editor.default">
				<div class="elementor-widget-container">
									<p><strong>Owner &amp; operator of the website:</strong></p>
<p>RÖCK GMBH<br />
Familie Alexander Röck<br />
Dorfstraße 29<br />
6532 Ladis<br />
Österreich</p>
<p>T: <a title="Call +43 5472 6462 via 3CX" href="tel:+43 5472 6462" target="_blank" rel="noopener">+43 5472-6462</a><br />
M: <a title="info@alpenresorts-ladis.at" href="mailto:info@alpenresorts-ladis.at">info@alpenresorts-ladis.at</a></p>
<p>Number of commercial register: FN 491385 a</p>
<p>VAT Reg. No: ATU73394105</p>
<p><strong>Design, programming &amp; hosting:</strong></p>
<p>Huber Web Media GmbH</p>
<p>Mils Au 70<br />
6493 Mils bei Imst<br />
Tyrol – Austria</p>
<p>Tel.: 0043 650 4488663<br />
Mail: <a href="mailto:info@huberwebmedia.at">info@huberwebmedia.at</a><br />
Web: <a href="http://www.huberwebmedia.at">www.huberwebmedia.at</a><br />
UID: ATU 77423049</p>
<p><strong>Liability:</strong></p>
<p>All contents have been examined carefully, however no guarantee can be made regarding accuracy, completeness, and topicality. Liabilities caused by the use or misuse of the information offered, or by the use of incorrect and incomplete information, are strictly excluded.</p>
<p><strong>Liability for links:</strong></p>
<p>Our website contains links to external, third-party websites for which our organisation is not responsible. We have no influence on the content of these websites, but the operating companies of these sites are exclusively responsible. No unlawful contents were in evidence at the time the links were created.</p>
<p><strong>Image rights:</strong></p>
<p>The images which appear on this website are protected by copyright and are non-binding.</p>
<p>© Huber Web Media, ©Martin Lugger; © Andreas Kirschner; © Daniel Zangerl; © Christian Waldegger; © Studioelf Kreativagentur; © TVB Serfaus-Fiss-Ladis, © www.foto-mueller-com, www.segway-fiss.at, Sepp Mallaun, www.lightwalk.de, www.artinaction.de, www.christianwaldegger.com; © Andreas Schalber; Adobe Stock– all rights reserved.</p>
<p><strong>Copyright:</strong></p>
<p>All texts, graphics and images are protected by copyright and may not be used unless prior permission has been obtained from the owner.</p>
<p><strong>Purpose of the website:</strong></p>
<p>This website serves to inform the user about goods and services of our organisation.</p>
								</div>
				</div>
					</div>
				</div>
				</div>

<p>Imprint Owner &amp; operator of the website: RÖCK GMBH Familie Alexander Röck Dorfstraße 29 6532 Ladis Österreich T: +43 5472-6462 M: info@alpenresorts-ladis.at Number of commercial register: FN 491385 a VAT Reg. No: ATU73394105 Design, programming &amp; hosting: Huber Web Media GmbH Mils Au 70 6493 Mils bei Imst Tyrol – Austria Tel.: 0043 650 4488663 Mail: info@huberwebmedia.at [&hellip;]</p>

<!-- This site is optimized with the Yoast SEO Premium plugin v22.3 (Yoast SEO v27.4) - https://yoast.com/product/yoast-seo-premium-wordpress/ -->
<title>Imprint - Alpenresorts Ladis</title>
<meta name="robots" content="noindex, follow" />
<meta property="og:locale" content="en_US" />
<meta property="og:type" content="article" />
<meta property="og:title" content="Imprint" />
<meta property="og:description" content="Imprint Owner &amp; operator of the website: RÖCK GMBH Familie Alexander Röck Dorfstraße 29 6532 Ladis Österreich T: +43 5472-6462 M: info@alpenresorts-ladis.at Number of commercial register: FN 491385 a VAT Reg. No: ATU73394105 Design, programming &amp; hosting: Huber Web Media GmbH Mils Au 70 6493 Mils bei Imst Tyrol – Austria Tel.: 0043 650 4488663 Mail: info@huberwebmedia.at [&hellip;]" />
<meta property="og:url" content="https://alpenresorts-ladis.at/impressum/" />
<meta property="og:site_name" content="Alpenresorts Ladis" />
<meta property="article:modified_time" content="2025-03-21T08:30:21+00:00" />
<meta name="twitter:card" content="summary_large_image" />
<meta name="twitter:label1" content="Est. reading time" />
	<meta name="twitter:data1" content="1 minute" />
<script type="application/ld+json" class="yoast-schema-graph">{"@context":"https:\/\/schema.org","@graph":[{"@type":"WebPage","@id":"https:\/\/alpenresorts-ladis.at\/impressum\/","url":"https:\/\/alpenresorts-ladis.at\/impressum\/","name":"Imprint - Alpenresorts Ladis","isPartOf":{"@id":"https:\/\/alpenresorts-ladis.at\/#website"},"datePublished":"2023-08-31T07:09:34+00:00","dateModified":"2025-03-21T08:30:21+00:00","breadcrumb":{"@id":"https:\/\/alpenresorts-ladis.at\/impressum\/#breadcrumb"},"inLanguage":"en-US","potentialAction":[{"@type":"ReadAction","target":["https:\/\/alpenresorts-ladis.at\/impressum\/"]}]},{"@type":"BreadcrumbList","@id":"https:\/\/alpenresorts-ladis.at\/impressum\/#breadcrumb","itemListElement":[{"@type":"ListItem","position":1,"name":"Startseite","item":"https:\/\/alpenresorts-ladis.at\/"},{"@type":"ListItem","position":2,"name":"Imprint"}]},{"@type":"WebSite","@id":"https:\/\/alpenresorts-ladis.at\/#website","url":"https:\/\/alpenresorts-ladis.at\/","name":"Alpenresorts Ladis","description":"Deine Unterkünfte in Ladis","publisher":{"@id":"https:\/\/alpenresorts-ladis.at\/#organization"},"potentialAction":[{"@type":"SearchAction","target":{"@type":"EntryPoint","urlTemplate":"https:\/\/alpenresorts-ladis.at\/?s={search_term_string}"},"query-input":{"@type":"PropertyValueSpecification","valueRequired":true,"valueName":"search_term_string"}}],"inLanguage":"en-US"},{"@type":"Organization","@id":"https:\/\/alpenresorts-ladis.at\/#organization","name":"Alpenresorts Ladis","url":"https:\/\/alpenresorts-ladis.at\/","logo":{"@type":"ImageObject","inLanguage":"en-US","@id":"https:\/\/alpenresorts-ladis.at\/#\/schema\/logo\/image\/","url":"https:\/\/alpenresorts-ladis.at\/wp-content\/uploads\/2023\/08\/Logos_Alpenresorts-Ladis_2023_RGB.png","contentUrl":"https:\/\/alpenresorts-ladis.at\/wp-content\/uploads\/2023\/08\/Logos_Alpenresorts-Ladis_2023_RGB.png","width":400,"height":400,"caption":"Alpenresorts Ladis"},"image":{"@id":"https:\/\/alpenresorts-ladis.at\/#\/schema\/logo\/image\/"}}]}</script>
<!-- / Yoast SEO Premium plugin. -->

Imprint Owner &amp; operator of the website: RÖCK GMBH Familie Alexander Röck Dorfstraße 29 6532 Ladis Österreich T: +43 5472-6462 M: info@alpenresorts-ladis.at Number of commercial register: FN 491385 a VAT Reg. No: ATU73394105 Design, programming &amp; hosting: Huber Web Media GmbH Mils Au 70 6493 Mils bei Imst Tyrol – Austria Tel.: 0043 650 4488663 Mail: info@huberwebmedia.at [&hellip;]

Deine Unterkünfte in Ladis
